{"id":132,"date":"2023-01-10T17:15:07","date_gmt":"2023-01-10T21:15:07","guid":{"rendered":"https:\/\/ikomsoft.com\/blog\/?page_id=132"},"modified":"2023-09-06T17:19:59","modified_gmt":"2023-09-06T21:19:59","slug":"saldar-una-factura-con-balance-pendiente-en-ikomsoft","status":"publish","type":"page","link":"https:\/\/ikomsoft.com\/blog\/saldar-una-factura-con-balance-pendiente-en-ikomsoft\/","title":{"rendered":"C\u00f3mo saldar una factura con balance pendiente en IKOMSOFT?"},"content":{"rendered":"\n<figure class=\"wp-block-embed is-type-video is-provider-youtube wp-block-embed-youtube wp-embed-aspect-16-9 wp-has-aspect-ratio\"><div class=\"wp-block-embed__wrapper\">\n<iframe loading=\"lazy\" title=\"Como saldar una factura con saldo pendiente en ikomsoft\" width=\"678\" height=\"381\" src=\"https:\/\/www.youtube.com\/embed\/ybeN4Dyx3Nk?feature=oembed\" frameborder=\"0\" allow=\"accelerometer; autoplay; clipboard-write; encrypted-media; gyroscope; picture-in-picture; web-share\" allowfullscreen><\/iframe>\n<\/div><\/figure>\n\n\n\n<p>Ikomsoft es un sistema de gesti\u00f3n de env\u00edos para empresas de encomiendas, por lo que para liquidar una factura con saldo pendiente, hay varios pasos que se pueden seguir:<\/p>\n\n\n\n<ol class=\"wp-block-list\">\n<li>Haga clic en el men\u00fa \u00abgu\u00edas o  facturas\u00bb en la barra de navegaci\u00f3n principal.<\/li>\n\n\n\n<li>Pulse sobre el boton buscar guia o factura<\/li>\n\n\n\n<li>busque el cliente al que desea hacerle el pago y pulse buscar.<\/li>\n\n\n\n<li>En la parte inferior de la factura, pulse sobre el bot\u00f3n \u00abDetalles de gu\u00eda\u00bb  En la pesta\u00f1a Realizar pago escriba el monto a pagar <\/li>\n\n\n\n<li>seleccione el m\u00e9todo de pago que sea apropiado para el sistema en cuesti\u00f3n. Puede ser que se pueda pagar mediante transferencia bancaria, tarjeta de cr\u00e9dito, cheque, etc.<\/li>\n\n\n\n<li>pulse pagar ahora, Una vez que se haya realizado el pago, puede verificar el pago realizado a la factura. <\/li>\n<\/ol>\n\n\n\n<p>Si aun tienes alguna duda o necesitas ayuda para completar alg\u00fan paso en particular, no dudes en contactar a nuestro departamento de soporte.<\/p>\n","protected":false},"excerpt":{"rendered":"<p>Ikomsoft es un sistema de gesti\u00f3n de env\u00edos para empresas de encomiendas, por lo que para liquidar una factura con saldo pendiente, hay varios pasos que se pueden seguir: Si aun tienes alguna duda o necesitas ayuda para completar alg\u00fan paso en particular, no dudes en contactar a nuestro departamento de soporte.<\/p>\n","protected":false},"author":1,"featured_media":0,"parent":0,"menu_order":0,"comment_status":"closed","ping_status":"closed","template":"","meta":{"footnotes":""},"class_list":["post-132","page","type-page","status-publish","hentry"],"_links":{"self":[{"href":"https:\/\/ikomsoft.com\/blog\/wp-json\/wp\/v2\/pages\/132","targetHints":{"allow":["GET"]}}],"collection":[{"href":"https:\/\/ikomsoft.com\/blog\/wp-json\/wp\/v2\/pages"}],"about":[{"href":"https:\/\/ikomsoft.com\/blog\/wp-json\/wp\/v2\/types\/page"}],"author":[{"embeddable":true,"href":"https:\/\/ikomsoft.com\/blog\/wp-json\/wp\/v2\/users\/1"}],"replies":[{"embeddable":true,"href":"https:\/\/ikomsoft.com\/blog\/wp-json\/wp\/v2\/comments?post=132"}],"version-history":[{"count":8,"href":"https:\/\/ikomsoft.com\/blog\/wp-json\/wp\/v2\/pages\/132\/revisions"}],"predecessor-version":[{"id":644,"href":"https:\/\/ikomsoft.com\/blog\/wp-json\/wp\/v2\/pages\/132\/revisions\/644"}],"wp:attachment":[{"href":"https:\/\/ikomsoft.com\/blog\/wp-json\/wp\/v2\/media?parent=132"}],"curies":[{"name":"wp","href":"https:\/\/api.w.org\/{rel}","templated":true}]}}